base 3) in base 10?
-86
-8 (base 12) to base 10
-8
What is -13 (base 4) in base 9?
-7
-1140 (base 6) to base 11
-231
What is 42 (base 16) in base 9?
73
Convert 20 (base 3) to base 16.
6
What is -103 (base 4) in base 5?
-34
Convert -2b (base 13) to base 14.
-29
What is -de (base 15) in base 14?
-10d
-5 (base 14) to base 12
-5
-1023 (base 7) to base 13
-219
What is -3 (base 16) in base 14?
-3
Convert 5 (base 15) to base 13.
5
What is 17 (base 10) in base 2?
10001
Convert -24 (base 6) to base 11.
-15
0 (base 6) to base 3
0
-30 (base 9) to base 6
-43
What is 105 (base 6) in base 15?
2b
Convert -36 (base 12) to base 13.
-33
Convert 24 (base 12) to base 14.
20
11 (base 4) to base 9
5
-14 (base 11) to base 7
-21
4 (base 5) to base 4
10
Convert 26 (base 7) to base 4.
110
33 (base 4) to base 9
16
What is -3 (base 16) in base 5?
-3
What is 1 (base 4) in base 11?
1
0 (base 9) to base 8
0
-25 (base 14) to base 3
-1020
1 (base 14) to base 13
1
Convert -1 (base 13) to base 3.
-1
Convert 1 (base 16) to base 11.
1
Convert 12 (base 11) to base 10.
13
-7 (base 11) to base 7
-10
Convert 3 (base 9) to base 5.
3
-7 (base 16) to base 7
-10
6 (base 14) to base 7
6
-3 (base 5) to base 4
-3
Convert 202 (base 3) to base 14.
16
What is 130 (base 5) in base 6?
104
-4 (base 13) to base 7
-4
What is -1 (base 10) in base 2?
-1
What is 16 (base 9) in base 10?
15
Convert -9 (base 11) to base 5.
-14
Convert 3 (base 6) to base 7.
3
1333 (base 4) to base 9
151
Convert 122 (base 14) to base 8.
342
Convert 2 (base 15) to base 11.
2
5 (base 14) to base 4
11
11 (base 15) to base 5
31
Convert 132 (base 4) to base 9.
33
Convert 22 (base 15) to base 10.
32
-26 (base 14) to base 11
-31
What is 164 (base 8) in base 9?
138
What is -110 (base 4) in base 7?
-26
117 (base 8) to base 6
211
1124 (base 5) to base 7
323
What is 24 (base 5) in base 7?
20
Convert -89 (base 12) to base 10.
-105
What is -10 (base 6) in base 14?
-6
-10100 (base 3) to base 16
-5a
Convert -212 (base 7) to base 6.
-255
-40 (base 11) to base 13
-35
-2420 (base 5) to base 9
-440
Convert 101 (base 10) to base 3.
10202
Convert 2a (base 14) to base 4.
212
Convert -11 (base 11) to base 4.
-30
-12 (base 16) to base 12
-16
Convert -2 (base 7) to base 14.
-2
Convert 2141 (base 5) to base 10.
296
1 (base 16) to base 12
1
What is 1 (base 12) in base 7?
1
0 (base 5) to base 2
0
Convert 102 (base 4) to base 3.
200
What is 5 (base 13) in base 11?
5
3132 (base 4) to base 9
266
What is -c (base 14) in base 6?
-20
-27 (base 11) to base 5
-104
What is 9 (base 10) in base 16?
9
Convert 1011 (base 2) to base 6.
15
What is 111 (base 4) in base 8?
25
Convert 3 (base 15) to base 12.
3
-11 (base 3) to base 14
-4
Convert 301 (base 6) to base 16.
6d
12 (base 5) to base 16
7
Convert -2 (base 16) to base 10.
-2
Convert 3 (base 8) to base 5.
3
Convert 78 (base 14) to base 6.
254
Convert 0 (base 8) to base 2.
0
Convert -1 (base 6) to base 4.
-1
2 (base 9) to base 11
2
Convert 0 (base 6) to base 2.
0
Convert -20 (base 10) to base 6.
-32
Convert -35 (base 9) to base 11.
-2a
What is a (base 14) in base 16?
a
Convert 4 (base 12) to base 5.
4
What is -11102 (base 3) in base 7?
-230
What is 15 (base 12) in base 15?
12
123 (base 4) to base 9
30
What is -1c (base 14) in base 2?
-11010
1100 (base 4) to base 10
80
What is -51 (base 15) in base 13?
-5b
What is -100 (base 3) in base 10?
-9
What is -2 (base 8) in base 7?
-2
What is -33 (base 6) in base 15?
-16
-19 (base 11) to base 3
-202
What is -43 (base 15) in base 14?
-47
What is -1 (base 3) in base 10?
-1
-236 (base 9) to base 13
-120
-25 (base 11) to base 4
-123
Convert -4a (base 11) to base 13.
-42
What is -4 (base 15) in base 5?
-4
What is 0 (base 14) in base 2?
0
What is -210 (base 7) in base 2?
-1101001
2 (base 4) to base 7
2
What is 4 (base 13) in base 4?
10
-1 (base 14) to base 10
-1
Convert -442 (base 5) to base 14.
-8a
Convert a (base 11) to base 8.
12
What is 14 (base 10) in base 3?
112
-3 (base 4) to base 5
-3
Convert -94 (base 13) to base 16.
-79
40 (base 13) to base 7
103
What is 1 (base 11) in base 3?
1
Convert 27 (base 8) to base 13.
1a
15 (base 14) to base 16
13
What is -5a (base 12) in base 13?
-55
What is -1b (base 12) in base 2?
-10111
-12 (base 4) to base 5
-11
-133 (base 4) to base 11
-29
Convert -17 (base 12) to base 2.
-10011
Convert -251 (base 8) to base 15.
-b4
Convert 1e (base 15) to base 10.
29
Convert 7 (base 14) to base 12.
7
What is -420 (base 6) in base 5?
-1111
-101 (base 4) to base 16
-11
What is -92 (base 14) in base 5?
-1003
0 (base 14) to base 8
0
What is -5 (base 13) in base 16?
-5
Convert 28 (base 10) to base 4.
130
-7 (base 12) to base 16
-7
2 (base 14) to base 12
2
What is 23 (base 8) in base 10?
19
Convert 2 (base 13) to base 6.
2
22 (base 13) to base 2
11100
2 (base 16) to base 2
10
Convert 13 (base 9) to base 7.
15
Convert -32 (base 6) to base 8.
-24
Convert -4 (base 12) to base 8.
-4
1 (base 11) to base 6
1
1 (base 3) to base 15
1
Convert 3 (base 11) to base 10.
3
Convert 64 (base 15) to base 16.
5e
Convert 1 (base 10) to base 15.
1
Convert 3 (base 15) to base 9.
3
Convert 8 (base 15) to base 5.
13
10210 (base 4) to base 3
101211
Convert 13 (base 11) to base 12.
12
-9a (base 11) to base 5
-414
Convert -30 (base 6) to base 4.
-102
What is 11 (base 6) in base 16?
7
What is 47 (base 11) in base 3?
1220
-3200 (base 4) to base 9
-268
Convert -2 (base 11) to base 4.
-2
Convert -20 (base 3) to base 2.
-110
0 (base 12) to base 16
0
What is 1 (base 8) in base 9?
1
-44 (base 12) to base 7
-103
-4 (base 11) to base 2
-100
What is 505 (base 6) in base 7?
353
What is 26 (base 13) in base 16?
20
What is -11 (base 4) in base 5?
-10
Convert -3 (base 10) to base 9.
-3
10 (base 3) to base 7
3
Convert -2 (base 5) to base 16.
-2
Convert 1 (base 6) to base 12.
1
23 (base 4) to base 12
b
1 (base 10) to base 16
1
What is -5 (base 7) in base 14?
-5
What is -1010 (base 2) in base 16?
-a
What is -10012 (base 4) in base 7?
-523
Convert -2 (base 16) to base 11.
-2
Convert 2 (base 7) to base 5.
2
2 (base 8) to base 9
2
What is -4b (base 13) in base 7?
-120
Convert c (base 16) to base 7.
15
Convert -3 (base 16) to base 15.
-3
What is 8 (base 11) in base 8?
10
0 (base 10) to base 3
0
26 (base 8) to base 6
34
Convert 2 (base 15) to base 2.
10
300 (base 6) to base 3
11000
Convert 55 (base 8) to base 13.
36
-18 (base 9) to base 15
-12
What is -8e (base 15) in base 7?
-251
Convert 127 (base 8) to base 12.
73
What is 1211 (base 4) in base 9?
122
Convert 37 (base 8) to base 7.
43
Convert -111101 (base 2) to base 8.
-75
Convert -5 (base 14) to base 10.
-5
0 (base 9) to base 13
0
b (base 12) to base 14
b
What is 10200 (base 3) in base 15?
69
Convert -633 (base 8) to base 9.
-506
Convert 215 (base 8) to base 3.
12020
10 (base 2) to base 5
2
-30 (base 9) to base 3
-1000
-45 (base 15) to base 3
-2102
-40 (base 10) to base 3
-1111
Convert -83 (base 11) to base 4.
-1123
Convert -10111 (base 2) to base 9.
-25
What is 38 (base 14) in base 7?
101
314 (base 6) to base 13
91
What is 200 (base 3) in base 15?
13
What is 31 (base 10) in base 5?
111
-5 (base 11) to base 9
-5
Convert 36 (base 11) to base 16.
27
Convert 1a (base 13) to base 5.
43
What is 2 (base 6) in base 12?
2
Convert 2 (base 7) to base 8.
2
Convert 155 (base 8) to base 10.
109
What is b1 (base 12) in base 2?
10000101
Convert 0 (base 16) to base 7.
0
What is -2 (base 3) in base 6?
-2
Convert -11 (base 3) to base 14.
-4
-3113 (base 4) to base 13
-137
1 (base 12) to base 10
1
Convert 8 (base 15) to base 8.
10
What is 11313 (base 4) in base 14?
1cb
Convert 1011 (base 3) to base 12.
27
Convert -17 (base 8) to base 14.
-11
-7 (base 11) to base 12
-7
10010 (base 2) to base 12
16
24 (base 8) to base 9
22
What is -1 (base 3) in base 13?
-1
What is 48 (base 15) in base 4?
1010
-65 (base 11) to base 10
-71
What is 20 (base 4) in base 11?
8
What is 106 (base 7) in base 13?
43
What is -100 (base 3) in base 13?
-9
267 (base 9) to base 8
337
What is -3 (base 16) in base 8?
-3
What is 4 (base 15) in base 7?
4
-2 (base 5) to base 13
-2
What is -4 (base 12) in base 6?
-4
What is -1 (base 14) in base 4?
-1
-51 (base 9) to base 16
-2e
-1c (base 14) to base 4
-122
What is -2a (base 16) in base 14?
-30
53 (base 10) to base 8
65
56 (base 8) to base 6
114
Convert -37